s digit of 714291579?
5
What is the ten millions digit of 4414308792?
1
What is the thousands digit of 41887171?
7
What is the hundreds digit of 61839765?
7
What is the hundred thousands digit of 116223259?
2
What is the units digit of 186877022?
2
What is the ten millions digit of 266918869?
6
What is the thousands digit of 680841989?
1
What is the ten thousands digit of 22882989?
8
What is the thousands digit of 376533066?
3
What is the ten millions digit of 289740027?
8
What is the ten thousands digit of 44237147?
3
What is the thousands digit of 307185239?
5
What is the millions digit of 20196079?
0
What is the hundreds digit of 115957092?
0
What is the hundreds digit of 99027333?
3
What is the thousands digit of 1054737904?
7
What is the thousands digit of 53440599?
0
What is the hundred millions digit of 2222594255?
2
What is the millions digit of 409940750?
9
What is the thousands digit of 28826817?
6
What is the tens digit of 76848781?
8
What is the hundreds digit of 111246394?
3
What is the hundred millions digit of 209723811?
2
What is the millions digit of 41382803?
1
What is the ten thousands digit of 3491651519?
5
What is the millions digit of 409846710?
9
What is the hundreds digit of 3919923691?
6
What is the thousands digit of 2362023911?
3
What is the thousands digit of 64560956?
0
What is the thousands digit of 97990401?
0
What is the hundred thousands digit of 2304595855?
5
What is the hundred millions digit of 937768302?
9
What is the thousands digit of 1423543407?
3
What is the hundred thousands digit of 17304836?
3
What is the millions digit of 62351488?
2
What is the ten millions digit of 81770848?
8
What is the thousands digit of 130407904?
7
What is the thousands digit of 572370388?
0
What is the ten millions digit of 23336057?
2
What is the thousands digit of 26050750?
0
What is the tens digit of 650855143?
4
What is the tens digit of 230684194?
9
What is the hundreds digit of 195823455?
4
What is the hundred thousands digit of 761188667?
1
What is the ten thousands digit of 25246450?
4
What is the hundred thousands digit of 235267543?
2
What is the hundred millions digit of 860341139?
8
What is the units digit of 169579895?
5
What is the ten thousands digit of 40819417?
1
What is the millions digit of 29909780?
9
What is the units digit of 22931595?
5
What is the tens digit of 343837985?
8
What is the hundred millions digit of 2843341306?
8
What is the hundreds digit of 1112217561?
5
What is the tens digit of 49038995?
9
What is the ten thousands digit of 532365360?
6
What is the hundreds digit of 46041807?
8
What is the millions digit of 136718910?
6
What is the hundred thousands digit of 1190610967?
6
What is the millions digit of 919777128?
9
What is the tens digit of 548761426?
2
What is the hundreds digit of 976080?
0
What is the tens digit of 93439241?
4
What is the hundred millions digit of 1597662996?
5
What is the ten thousands digit of 139371086?
7
What is the hundred millions digit of 3990505523?
9
What is the tens digit of 7534871?
7
What is the units digit of 44165711?
1
What is the ten thousands digit of 2334986136?
8
What is the tens digit of 50707302?
0
What is the ten millions digit of 7015910055?
1
What is the billions digit of 1929363173?
1
What is the hundred millions digit of 163975089?
1
What is the hundred thousands digit of 6800039423?
0
What is the hundred millions digit of 4807620877?
8
What is the hundred millions digit of 137551679?
1
What is the millions digit of 27347502?
7
What is the millions digit of 395714004?
5
What is the tens digit of 285694671?
7
What is the hundred thousands digit of 35080736?
0
What is the hundred millions digit of 7051561121?
0
What is the ten thousands digit of 93075856?
7
What is the tens digit of 2714265221?
2
What is the tens digit of 656418603?
0
What is the units digit of 82037954?
4
What is the ten thousands digit of 223672497?
7
What is the thousands digit of 30153562?
3
What is the ten millions digit of 1411145562?
1
What is the tens digit of 668646742?
4
What is the hundred millions digit of 220330930?
2
What is the units digit of 2325832?
2
What is the hundreds digit of 2370792048?
0
What is the ten millions digit of 120922125?
2
What is the millions digit of 275797123?
5
What is the units digit of 395561080?
0
What is the units digit of 4750929725?
5
What is the ten thousands digit of 31875913?
7
What is the tens digit of 831399172?
7
What is the millions digit of 1463217149?
3
What is the hundreds digit of 56814315?
3
What is the hundred millions digit of 209534526?
2
What is the billions digit of 1274824425?
1
What is the millions digit of 20424360?
0
What is the hundred thousands digit of 416355904?
3
What is the thousands digit of 65902114?
2
What is the tens digit of 479442692?
9
What is the thousands digit of 277407919?
7
What is the thousands digit of 977451505?
1
What is the hundred thousands digit of 2177739183?
7
What is the hundreds digit of 113619788?
7
What is the millions digit of 10942568?
0
What is the ten thousands digit of 154971595?
7
What is the hundreds digit of 1372759110?
1
What is the tens digit of 12047077?
7
What is the tens digit of 158359353?
5
What is the ten millions digit of 641002492?
4
What is the ten thousands digit of 2540946912?
4
What is the millions digit of 2748990092?
8
What is the ten thousands digit of 584178879?
7
What is the ten thousands digit of 30362832?
6
What is the units digit of 797202696?
6
What is the hundreds digit of 63021404?
4
What is the hundred thousands digit of 64802156?
8
What is the thousands digit of 86950313?
0
What is the tens digit of 19323735?
3
What is the millions digit of 49655365?
9
What is the hundred millions digit of 263099055?
2
What is the thousands digit of 971623735?
3
What is the hundreds digit of 327004267?
2
What is the thousands digit of 9134855743?
5
What is the hundred thousands digit of 68966096?
9
What is the hundreds digit of 190946401?
4
What is the units digit of 3432475786?
6
What is the hundred thousands digit of 150415893?
4
What is the ten millions digit of 142701021?
4
What is the units digit of 3258008968?
8
What is the hundreds digit of 2137120243?
2
What is the ten millions digit of 108103936?
0
What is the thousands digit of 1274905788?
5
What is the hundred thousands digit of 119994236?
9
What is the millions digit of 13440532?
3
What is the tens digit of 725254866?
6
What is the units digit of 52016509?
9
What is the millions digit of 194608551?
4
What is the thousands digit of 104297423?
7
What is the ten millions digit of 820254965?
2
What is the hundred thousands digit of 11991432?
9
What is the hundred millions digit of 764337692?
7
What is the ten thousands digit of 2499262075?
6
What is the millions digit of 61689923?
1
What is the hundreds digit of 1092134335?
3
What is the tens digit of 143636772?
7
What is the units digit of 339183674?
4
What is the thousands digit of 621950846?
0
What is the hundred millions digit of 1490397133?
4
What is the units digit of 118815764?
4
What is the thousands digit of 44188215?
8
What is the tens digit of 69148128?
2
What is the ten millions digit of 32988918?
3
What is the tens digit of 3603870415?
1
What is the tens digit of 297556113?
1
What is the ten thousands digit of 91096928?
9
What is the ten millions digit of 552874336?
5
What is the ten thousands digit of 528513815?
1
What is the millions digit of 367897389?
7
What is the tens digit of 348015422?
2
What is the ten millions digit of 1026612283?
2
What is the ten millions digit of 291231136?
9
What is the hundreds digit of 4163772058?
0
What is the thousands digit of 656778066?
8
What is the millions digit of 15935747?
5
What is the ten thousands digit of 245505658?
0
What is the hundreds digit of 197530475?
4
What is the hundred thousands digit of 184570276?
5
What is the millions digit of 315703021?
5
What is the ten thousands digit of 9323190128?
9
What is the millions digit of 8161743017?
1
What is the thousands digit of 434563923?
3
What is the tens digit of 56974012?
1
What is the ten thousands digit of 1650723490?
2
What is the millions digit of 38351569?
8
What is the thousands digit of 979620649?
0
What is the thousands digit of 27742